 = 2*y - 5*b, 15 = y - 3*b. List the prime factors of 1*(-2 - y) - -30.
2, 7
Suppose 5*x - 238 = 3*b + 239, 4 = 4*b. Suppose x = n + 2*n. Let i = n - 18. What are the prime factors of i?
2, 7
Let c be (1/3)/(1/12). Let g be 2/c*10*8. Suppose 4*o - g = -0*o. What are the prime factors of o?
2, 5
Let f = -64 - -81. What are the prime factors of f?
17
Suppose 4*a + 1734 = 10*a. What are the prime factors of a?
17
Suppose -m + 5*u + 8 = -14, 12 = -3*u. Let j be 14 + (-2)/m + 3. Let w = j + -11. What are the prime factors of w?
5
Let t(x) = x**2 - 2. Suppose 3*k + 2*k = 15. Let d be t(k). Let i = 14 - d. List the prime factors of i.
7
Suppose -5*h - 5 + 0 = 5*i, -4*i + h = -1. Let l be (0 - -3) + 0 + i. Let o = 8 - l. List the prime factors of o.
5
Let y = -1 - 6. Let j = y + 19. What are the prime factors of j?
2, 3
Suppose j = 3*v - 94, 2*j + 122 = 4*v - j. List the prime factors of v.
2
Suppose 8*b - 3*b = 10. Suppose -5*j = 4*x - 3, b*j + 7*x - 3*x - 6 = 0. What are the prime factors of 0/j - (-5 + 3)?
2
Suppose -4*z + 9 = -11. Suppose -z*f + 36 = -2*f. List the prime factors of f.
2, 3
Suppose -2*k - c + 3*c + 174 = 0, -3*k = c - 241. List the prime factors of k.
2, 41
Let m be (6 - 3) + -1 + 3. Let g = m - -2. What are the prime factors of g?
7
Let r(q) = q + 4. Let o(g) = -2*g - 9. Let m(p) = 3*o(p) + 5*r(p). List the prime factors of m(-12).
5
Let r = 81 - -37. List the prime factors of r.
2, 59
Let c(u) = 328*u**2 + 2*u + 2. What are the prime factors of c(-1)?
2, 41
Suppose 0 = -3*i - 4*t + 453, -2*i + 2*t + 302 = -3*t. What are the prime factors of i?
151
Let u = -1 - -16. What are the prime factors of u?
3, 5
Let f = -223 - -349. What are the prime factors of f?
2, 3, 7
Let t be (-2 - (-4 - -2))/(-2). Suppose 4*w - w - 93 = t. List the prime factors of w.
31
Suppose -168 = -2*k - 2*k - 3*f, 5*k = -f + 210. What are the prime factors of k?
2, 3, 7
Suppose -y - 4*c - 1 = -2, 0 = -3*y - 5*c + 10. Suppose y*a - 5 = -5*b, 2 = -3*a - 4*b + 3. What are the prime factors of a?
3
Let q be (-3)/9*(1 - 1). Let t(m) = -m + 24. What are the prime factors of t(q)?
2, 3
Suppose -19 - 1 = -5*c. Let z(h) = h**3 - 3*h**2 - 3*h + 2. What are the prime factors of z(c)?
2, 3
Suppose -5*l + 475 = -0*l. Suppose 10*g - l = 5*g. List the prime factors of g.
19
Let u(o) = o**2 - o + 1. Let p be u(1). Suppose p + 0 = -w. What are the prime factors of 0 + 2 + 0 - w?
3
Let c be (-6)/(-5)*5/2. What are the prime factors of 4/(1 + c) + 18?
19
Suppose 12 = 5*k - 3. Suppose k = d + 1. Suppose -3*g = d*g - 75. List the prime factors of g.
3, 5
Let r = 869 - 621. What are the prime factors of r?
2, 31
Suppose -5*x + 20 = 3*g - 0, 3*x - 12 = -4*g. Suppose -4*n + 0 + x = 0. Suppose c - a - n = 1, a = 5*c - 18. What are the prime factors of c?
2
Let y be 25/4 + (-5)/20. Suppose 0*z + 198 = y*z. List the prime factors of z.
3, 11
Let o be (2/4)/((-4)/(-88)). Let a be (1 + o)*(-1)/(-3). Suppose -a*l = l - 20. What are the prime factors of l?
2
Let b(o) = -2*o**3 - 5*o**2 - 2*o + 4. Let w be b(-4). Suppose 2*p = 6, -w = -2*g - 3*p - 9. List the prime factors of g.
3, 7
Suppose -4*r - 4*c - 60 - 8 = 0, -4 = -4*c. Let s be (-15)/(-2) - 9/r. Suppose z + 0*z - s = 3*u, -4*z - 5*u = -83. What are the prime factors of z?
17
List the prime factors of 33 - (2 + (-4 - -6)).
29
Suppose -4*w + 2*t = 16, 0*w + 5*t = 2*w + 24. Suppose -p + 2 = 0, -4*p + 13 = -k - 1. List the prime factors of (k + 5)/(w/26).
13
Let s(n) = 39*n**2 - 1. What are the prime factors of s(1)?
2, 19
Let d(l) = -2*l + 7. Let c be d(5). Let w be (2/c)/((-2)/(-12)). List the prime factors of (-98)/w - 6/4.
23
Let c = 191 - 110. List the prime factors of c.
3
Suppose 3*q + u = 22, 0 = -4*q + q + 5*u + 34. Suppose -4*o - 48 = -q*o. List the prime factors of o.
2, 3
Let f(g) = 2*g**2 + 5*g + 3. Suppose 57 = 4*o - 3*n, o - 3*o - 2*n + 32 = 0. Suppose -2*s - 3*s - o = 0. List the prime factors of f(s).
2, 3
Suppose -4*u + 35 = c, 2*u + 2 = u. Suppose -4*w + c = o, -5*w - 17 = o - 70. List the prime factors of w.
2, 5
Let d be 2 + (0 - (0 + 2)). Let t(o) = o**2 + 51. Let g be t(d). Suppose -4*i + 70 = 5*h + i, 4*h + 3*i - g = 0. List the prime factors of h.
3
Let k be 1 - -1 - 29/(-1). Suppose 0 = -5*h + 3*p + 15, -5*p + k = h. Suppose -4*r - h = -2*z, -z - r - 1 = -16. What are the prime factors of z?
11
Let y = -22 - -37. Let d be (-3 - 33/(-9))*30. Suppose m = -5*k - 21, 3*k + y + d = 5*m. What are the prime factors of m?
2
List the prime factors of 138/2*(-7)/(-21).
23
Let m = 38 - 53. Let z = m - -36. List the prime factors of z.
3, 7
Let m(p) be the third derivative of -p**5/60 + 11*p**4/24 + 8*p**3/3 + 3*p**2. What are the prime factors of m(11)?
2
Let m(o) = o**3 + o - 3. Let z be m(-4). Let l = z + 99. What are the prime factors of l?
2, 7
What are the prime factors of 3 - (-4170)/21 - (-8)/(-14)?
3, 67
Let i = 1 - 1. Suppose i = -g + 7 - 2. Suppose 2*t - 31 = -t - f, -g*t + f + 65 = 0. List the prime factors of t.
2, 3
Let o(v) = v**3 - 19*v**2 - v + 22. Let c be o(19). Let s(j) = 3*j - 4. Let g be s(-3). Let r = c - g. What are the prime factors of r?
2
Suppose h - 2*h + 10 = 0. Suppose 4*o - 10 = k, -k + 0 + h = o. Suppose 2*p + k = 4*p. List the prime factors of p.
3
Let b = -1 + 0. Let d(g) = g**2 - g - 1. Let i(x) = -2*x**2 + x + 1. Let u(p) = -2*d(p) - 3*i(p). List the prime factors of u(b).
2
Let g(y) = y**3 - 10*y**2 + 13*y - 10. Let i be g(9). Let m = i + -2. What are the prime factors of m?
2, 3
Let x(d) = d**2 + d - 7. What are the prime factors of x(-5)?
13
Let k(b) = -b + 7. Suppose -3*t - 5 = -20. Let h be k(t). Let y = 1 + h. List the prime factors of y.
3
Let s(a) = -a**3 + 2*a**2 + 2*a - 2. What are the prime factors of s(-2)?
2, 5
Let t = 18 + -9. List the prime factors of t.
3
Suppose 4*a - 4 = -k + 4, a = 5*k - 82. Let h = k - 11. Suppose h = 2*o - 5. What are the prime factors of o?
5
Let j be (2 + (-5)/2)*-8. Suppose 3*v = -o + 7, v - 3 = 2*o + j. Suppose -v*u = u - 24. List the prime factors of u.
2, 3
Let a(d) = -d**3 - 6*d**2 - d + 4. Let r be a(-6). Let j(l) = -2*l**2 + 5*l**2 - 8*l - 2*l**2 + r. What are the prime factors of j(7)?
3
Suppose 3*g - 129 = -2*p, 3*g - 3*p - 147 = p. List the prime factors of g.
3, 5
Suppose -171 = -2*x + 4*u + 3, -4*x + 3*u = -338. What are the prime factors of x?
83
Let y = 60 + -29. What are the prime factors of y?
31
Let z = -19 - -29. What are the prime factors of (z + (-4)/(-4))*2?
2, 11
Let g(j) = -3*j**2 + 4*j**2 + 4*j**2 + 6*j - 4*j**2. What are the prime factors of g(-9)?
3
Suppose 0 = -n + 3*u - 5 + 79, -450 = -5*n - 5*u. List the prime factors of n.
2, 43
What are the prime factors of (3 - 0 - 18)*204/(-20)?
3, 17
Let u = 49 - 9. List the prime factors of u.
2, 5
Suppose 0 = -g + 3 + 2. Suppose 3*s = s - 2*m + 18, g*s = -4*m + 40. Suppose n = -2, -s*b - 3 + 17 = n. List the prime factors of b.
2
Let b(r) = r**3 - 3*r**2 - 2*r. Let p be b(-2). Let c be (p/5)/(2/(-25)). Suppose 5*f - c = -0*f. What are the prime factors of f?
2
Let c(x) = x**3 - 5*x**2 + 5. Let l be c(5). Suppose -2*k - 24 = -l*k. What are the prime factors of k?
2
Suppose -14*l + 9*l = -20. List the prime factors of l.
2
Let o(d) be the second derivative of 7*d**6/720 - d**5/60 + d**4/6 - d. Let k(y) be the third derivative of o(y). What are the prime factors of k(2)?
2, 3
Let v(g) = -5*g - 6. Let d(w) = -w**2 + 4*w + 5. Let a(k) = -5*d(k) - 4*v(k). Let i be a(-1). Let m = -2 + i. List the prime factors of m.
2
Let j = -36 - -55. List the prime factors of j.
19
Let h(b) = -10*b - 2. Suppose -3*o - 8 = -3*c - 2, 2*o - 4*c = -4. Let k be h(o). Suppose 0 = 4*n + 3*l - k, 4*l - 22 = -5*n - 0*n. List the prime factors of n.
2, 3
Suppose -26 = -2*f - 0*w + 4*w, -3*f + 2*w + 19 = 0. Suppose f*l - l = 0. Suppose -3*j - i + 24 = l, j - 2 - 19 = 4*i. What are the prime factors of j?
3
Suppose -5*n - 16 = 19. Let i(t) be the first derivative of -t**2 - 2*t - 1. What are the prime factors of i(n)?
2, 3
Let a be (-8)/(-12)*(-30)/(-4). Suppose -5*w - h = -0*h - 29, -5*h = -3*w - a. What are the prime factors of w?
5
Suppose -3*r + 141 = -4*f, -4*r + 0*f + 188 = -4*f. List the prime factors of r.
47
Suppose c = -0 + 2. Suppose -5*u + 21 = -4*r, -c*u + 4 + 9 = 3*r. What are the prime factors